 a - 132 = 3*a. Let d be (-2)/(-11) + 12/a. Suppose d = 5*x - 5*l - 59 - 36, -3*l = -x + 13. What is the remainder when x is divided by 5?
2
Suppose 4*k = -z + 40, z = -0*z - 5*k + 43. Let y = 17 - 133. Calculate the remainder when y/(-8)*4 - 3 is divided by z.
27
Let c(t) = -t**3 - 9*t**2 + 13. Let l be c(-9). Suppose l = 5*s - k - 109, 0 = -3*k + 9. Calculate the remainder when 92 is divided by s.
17
What is the remainder when 2/(-1)*9/((-18)/422) is divided by 106?
104
Calculate the remainder when 2/(-4) - 1045/(-38) is divided by -1*1*-4*(-30)/(-12).
7
Let f(u) = u - 1. Let g(o) = -2*o + 6. Let t(b) = 3*f(b) + g(b). Let c be (-10)/(-85) - (-504)/51. What is the remainder when 49 is divided by t(c)?
10
Let v be (-46)/(-14) - 4/14. Let w be (-9)/2*20/v. Let m = w + 56. Calculate the remainder when 51 is divided by m.
25
Calculate the remainder when 1649 is divided by 3/(19698/(-4956) - (-3 - 1)).
115
Let f be 54/(-4)*10/(-15). What is the remainder when 26 is divided by (f/2)/((-3)/(-6))?
8
Suppose -2*c = -4*v - 24, 0*c + 27 = 3*c - 3*v. Suppose 3*p + 87 = c*p. Calculate the remainder when 112 is divided by p.
25
Let m = -6 - -11. Let x = 162 - 136. What is the remainder when x is divided by m + -7 + 32/2?
12
Let f(d) = -2*d**3 + 25*d**2 - 10*d + 41. What is the remainder when 125 is divided by f(12)?
60
Let k(h) = -3 - 7*h - h**2 - 10*h + 9*h. Calculate the remainder when (-30)/(-6) - 2/(-2) is divided by k(-7).
2
Let h = -79 - -47. Let k be 23/((-68)/h + -2). Suppose a - 5*a = -k. What is the remainder when a is divided by 24?
22
Suppose 8*a - 11*a + 6 = 0. Suppose -a*d = -3*n - 55, -2*d - 4*n = n - 31. Let j = d - 13. What is the remainder when 49 is divided by j?
9
Let d = 187 + -113. Suppose d = 2*q - 5*h, -4*q = 2*h - 4*h - 180. What is the remainder when q is divided by 24?
23
Let j be 0/((2 - 3)*2). Suppose j*m = 4*m. Suppose -4*k + m*k = -48. What is the remainder when 34 is divided by k?
10
Suppose 59 = -p + 48. Let z(v) = -v**2 + v + 21. Let u be z(0). Let h = p + u. What is the remainder when 16 is divided by h?
6
Suppose -2*c - 20 = -5*z, 2*z = -3*z - c + 20. Let x(b) = 9*b**2 + 8*b - 11. Calculate the remainder when x(z) is divided by 28.
25
Let y be (-260)/(-4)*2/5. Suppose 0*b + 3*b = s + y, 0 = 5*b + 2*s - 58. Let w(x) = -6*x. What is the remainder when b is divided by w(-1)?
4
Suppose 4*k - k = w - 10, 5*w - 102 = 2*k. Suppose 43065 = -13*b + 43143. Calculate the remainder when w is divided by b.
4
Let b = 21 + 3. Suppose 0 = -21*r + b*r - 189. What is the remainder when r is divided by 25?
13
Let i = 38 + -1. Calculate the remainder when i is divided by 29.
8
Let d = 262 + -247. Calculate the remainder when d is divided by 11 - 3/((-6)/(-4)).
6
Let z = 713 - 334. What is the remainder when z is divided by 32?
27
Suppose 7 = p - 56. Let y = -27 + 43. Suppose -k + y = -0*k. Calculate the remainder when p is divided by k.
15
Suppose -6*x = -3*x - 60. Let k be (-156)/(-21) + 15/(-35). Suppose 4*o = -2*g + 14, -g + 4*o = 2*o - k. Calculate the remainder when x is divided by g.
6
Let z(x) = -x + 2. Let h be z(0). Suppose 10 = -y + 4*y + k, h*y = 4*k + 30. What is the remainder when 17 is divided by y?
2
Let i(g) = g**3 + 8*g**2 + g - 2. Let k be i(-7). Calculate the remainder when 1215/k - 3/8 is divided by 16.
14
Let m be -4 + 0 + (-9)/3*-30. Let f = m - 62. What is the remainder when 91 is divided by f?
19
Let n be (-1)/(16/(-108)) - (-2)/8. Let v(q) = q**2 - 5*q + 17. Let t = -47 - -106. What is the remainder when t is divided by v(n)?
28
Let h = -69 + 63. Calculate the remainder when 9 is divided by h*-4*(-5)/(-30).
1
Let n = 88 + -60. Let c = 11931 + -8232. What is the remainder when c/45 - (-8)/10 is divided by n?
27
Let g(x) = -x**3 - 11*x**2 + 5. Let o be g(-11). Suppose -2*y + 0*p + 10 = -4*p, 2*y = o*p + 9. What is the remainder when 16 is divided by y?
2
Suppose 0 = 26*f - 180 - 522. What is the remainder when 160 is divided by f?
25
Let r = 13 + -14. Let g(f) = 2*f**3 + f. Let p be g(r). What is the remainder when 1/((-15)/685)*p is divided by 35?
32
Suppose -93 = -7*m + 4*i, -10*i + 15 = -5*i. What is the remainder when 40 is divided by m?
10
Suppose -4*l - l = -35. Let t be 7*(2 + 2 + -1). Suppose -2*m + f + t = 0, m - 4*f - 7 - l = 0. Calculate the remainder when 29 is divided by m.
9
Let t be 1/(3*2/(-24)). Let k be t*(-11)/2*1. What is the remainder when 53 is divided by (-1 - 3 - 0) + k?
17
Suppose 3*m + 4*n - 81 = 0, 12*n - 12 = 8*n. What is the remainder when 137 is divided by m?
22
Suppose 3*n - 47 = -2*w, -2*n + n + 4*w = -39. Let o = -48 - -137. Calculate the remainder when o is divided by n.
13
Suppose 7*z - 7 - 77 = 0. Let d(a) = -a**3 + 13*a**2 - 3*a - 7. Suppose -2*v + 26 + 26 = 0. What is the remainder when d(z) is divided by v?
23
Suppose 0 = -2*n - 10, z + 12 = -5*n - 9. Suppose -q + z*q = 3. Calculate the remainder when 43 is divided by (-5)/(2*q/(-6)).
13
Suppose -18 = -3*o + o + 2*c, 2*c = 4*o - 30. Suppose -o*u = -u - 100. What is the remainder when 59 is divided by u?
19
Suppose -10*s - 4 + 224 = 0. Calculate the remainder when s is divided by 13.
9
Let n = 0 + 6. Suppose 2*k + k + 5*j = -11, -k - 4 = 2*j. What is the remainder when ((-9)/(-6) - k)*n is divided by 6?
3
Suppose -5 = -b - 5*w, 5*b + 2*w = -11 - 10. Let x(g) = 1188*g - 12. Let q be x(2). Calculate the remainder when q/20 - 4/b is divided by 30.
29
Suppose t - 19 = -4. What is the remainder when -2*(-7 + -5) - -5 is divided by t?
14
Let g be 845/20 - (-6)/8. Suppose -4*a = -i - g, 3 = -3*a + 5*i + 14. Calculate the remainder when a is divided by 3.
0
Let t = 190 - 173. What is the remainder when 387 is divided by t?
13
Let t = 2499 - 2480. Suppose 4*h + 5*i = 119, 5*i = -5*h + 2*i + 165. What is the remainder when h is divided by t?
17
Let d = 402 + -342. What is the remainder when d is divided by 34?
26
Let f = 75 - 104. What is the remainder when 112 is divided by -2*(f/2 - -3)?
20
Let u be -5*((-9)/(-5) - 2). Let y(r) = 1 - 9*r - 6 + u. What is the remainder when y(-5) is divided by 22?
19
Let o(d) = -d**3 - 10*d**2 + d + 17. Let v be 1*-1*12/3. What is the remainder when (3 - 0) + v - -26 is divided by o(-10)?
4
Suppose 27*d - 778 = 788. What is the remainder when 82 is divided by d?
24
Suppose -3 = 2*j - 6*j + a, 5*a - 23 = j. Suppose 5*f + 4*g = 45, -54 = -3*f + j*g + g. What is the remainder when 62 is divided by f?
10
Suppose 4*c + 4*b - 840 = 0, 0 = -c + b - 3*b + 214. Calculate the remainder when c is divided by 52.
50
Let v(n) = n**2 + 0*n**2 - 5 - 2. Suppose -181*k = -185*k - 24. What is the remainder when v(k) is divided by 16?
13
Suppose 5*s - h - 2073 = 2*h, 5*s - 5*h = 2065. What is the remainder when s is divided by 144?
129
Let h(u) = u**3 - 9*u**2 + 8*u + 15. What is the remainder when 56 is divided by h(8)?
11
Suppose 123 = 5*s - 0*k - k, -3*s - 5*k + 85 = 0. What is the remainder when 36 is divided by s?
11
Let m(t) = t**3 - 7*t**2 + 10*t + 9. Let p be m(5). Suppose -89 = -4*h - p. Calculate the remainder when 77 is divided by h.
17
Suppose 0 = 13*u - 48 - 30. What is the remainder when 7 is divided by (-2)/u - (-8)/(-12) - -5?
3
Let w(a) = a + 28. Let r be w(-23). Suppose 5*q - r*n = 150, 10*n - 11*n = -2*q + 55. What is the remainder when 48 is divided by q?
23
Suppose o + 7*o - 736 = 0. Suppose -4*l - o = -3*m - 3*l, -3*l = -12. What is the remainder when m is divided by 12?
8
Let j(q) = 2*q**2 + 17*q - 81. Calculate the remainder when j(8) is divided by 27.
21
Suppose -4*p + 17*l = 21*l - 88, 0 = 4*l - 4. Calculate the remainder when p is divided by 10.
1
Suppose 5*a = -3*a + 648. Let f = -51 + a. What is the remainder when 87 is divided by f?
27
Let f = -105 - -16. Let t = 256 + f. What is the remainder when t is divided by 13?
11
Suppose 132 - 222 = -9*u. Suppose -2*f + x - 5*x + 132 = 0, x = 4. Suppose 3*b - 3*d - 60 = 0, -4*b + u + f = -d. What is the remainder when 77 is divided by b?
13
Let k(j) = -j**3 - 10*j**2 - 7*j - 3. Let i be k(-10). Suppose -4*c + 33 + i = 0. What is the remainder when 73 is divided by c?
23
Calculate the remainder when 158 is divided by -1*1 + (-75)/90*-66.
50
Let m(k) = 3*k**2 - 11*k + 5. Let x be m(-9). Suppose 17 = 4*q + 5, -q + x = 4*y. What is the remainder when y i